{"id":53,"date":"2023-07-28T16:07:09","date_gmt":"2023-07-28T14:07:09","guid":{"rendered":"https:\/\/alternativemediation.fr\/?page_id=53"},"modified":"2024-05-02T22:47:21","modified_gmt":"2024-05-02T20:47:21","slug":"qui-suis-je","status":"publish","type":"page","link":"https:\/\/alternativemediation.fr\/?page_id=53","title":{"rendered":"Qui suis-je ?"},"content":{"rendered":"<div class=\"wp-block-image\">\n<figure class=\"alignright size-large is-resized\"><img loading=\"lazy\" decoding=\"async\" width=\"1183\" height=\"1182\" src=\"https:\/\/alternativemediation.fr\/wp-content\/uploads\/2023\/06\/20200927_130115-edited.jpg\" alt=\"\" class=\"wp-image-59\" style=\"aspect-ratio:1;width:178px;height:auto\" srcset=\"https:\/\/alternativemediation.fr\/wp-content\/uploads\/2023\/06\/20200927_130115-edited.jpg 1183w, https:\/\/alternativemediation.fr\/wp-content\/uploads\/2023\/06\/20200927_130115-edited-300x300.jpg 300w, https:\/\/alternativemediation.fr\/wp-content\/uploads\/2023\/06\/20200927_130115-edited-1024x1024.jpg 1024w, https:\/\/alternativemediation.fr\/wp-content\/uploads\/2023\/06\/20200927_130115-edited-150x150.jpg 150w, https:\/\/alternativemediation.fr\/wp-content\/uploads\/2023\/06\/20200927_130115-edited-768x767.jpg 768w, https:\/\/alternativemediation.fr\/wp-content\/uploads\/2023\/06\/20200927_130115-edited-500x500.jpg 500w, https:\/\/alternativemediation.fr\/wp-content\/uploads\/2023\/06\/20200927_130115-edited-800x799.jpg 800w\" sizes=\"auto, (max-width: 1183px) 100vw, 1183px\" \/><\/figure>\n<\/div>\n\n\n<h3 class=\"wp-block-heading has-text-color\" style=\"color:#00909b\">Bruno Saurel : M\u00e9diateur, formateur, facilitateur,<br>groupe d&rsquo;analyse de pratiques professionnelles<\/h3>\n\n\n\n<p>Je suis p\u00e8re et beau-p\u00e8re de 4 enfants. J&rsquo;habite dans une ville de taille moyenne de la Dr\u00f4me.<\/p>\n\n\n\n<p>De <strong>formation initiale scientifique et technique<\/strong>, ing\u00e9nieur en informatique, j&rsquo;ai travaill\u00e9 dans une mairie, une soci\u00e9t\u00e9 de service et puis dans une entreprise industrielle pendant 28 ans comme responsable technique, chef de projet puis manager.<\/p>\n\n\n\n<p>Je me suis investi dans plusieurs <strong>mandats de repr\u00e9sentant du personnel<\/strong>, au comit\u00e9 d\u2019entreprise, comme de d\u00e9l\u00e9gu\u00e9 du personnel puis au CHSCT comme secr\u00e9taire pendant 6 ans. J&rsquo;ai particip\u00e9 \u00e0 plusieurs n\u00e9gociations collectives d&rsquo;accords d&rsquo;entreprises, plans sociaux,&nbsp; accord RTT.<\/p>\n\n\n\n<p>Je suis b\u00e9n\u00e9vol associatif de diff\u00e9rents types d&rsquo;associations depuis longtemps.<\/p>\n\n\n\n<p>J&rsquo;aime me ressourcer dans la nature o\u00f9 je pratique la randonn\u00e9e p\u00e9destre, le v\u00e9lo itin\u00e9rant ou le vol libre (parapente) que j&rsquo;aime faire d\u00e9couvrir en vols en tandem. J&rsquo;aime aussi partager en groupe chants et danses.<\/p>\n\n\n\n<p>Mon parcours professionnel et associatif ainsi que la confrontation \u00e0 des situations familiales complexes dans mon entourage m&rsquo;ont incit\u00e9 tr\u00e8s t\u00f4t \u00e0 m&rsquo;int\u00e9resser \u00e0 la question des conflits et plus largement de nos difficult\u00e9s relationnelles, et comprendre leurs causes et leurs racines. <\/p>\n\n\n\n<p>Plusieurs formations, principalement de <strong>m\u00e9diation familiale<\/strong> et d&rsquo;intervenant en <strong>th\u00e9rapie sociale<\/strong> m&rsquo;ont \u00e9clair\u00e9 et permis de pratiquer progressivement le m\u00e9tier de m\u00e9diateur et de facilitateur de dialogue et de r\u00e9flexion collective sur nos \u00ab\u00a0co-responsabilit\u00e9s\u00a0\u00bb .<\/p>\n\n\n\n<p>Je suis <strong>curieux des autres <\/strong>et<strong> enthousiaste des rencontres, <\/strong>de la richesse de nos diff\u00e9rences, de nos compl\u00e9mentarit\u00e9s.<\/p>\n\n\n\n<p>J&rsquo;ai pu exp\u00e9rimenter dans plusieurs contextes, les vertus de l&rsquo;<strong>\u00e9coute<\/strong>, de la <strong>parole<\/strong> <strong>lib\u00e9r\u00e9e<\/strong>, de la <strong>reconnaissance<\/strong>, de l<strong>&lsquo;authenticit\u00e9<\/strong> dans nos relations, ces fondamentaux n\u00e9cessaire \u00e0 la confiance et \u00e0 la coop\u00e9ration qu&rsquo;elle soit conjugale, parentale comme au sein d&rsquo;une \u00e9quipe.<\/p>\n\n\n\n<p>Dans l&rsquo;entreprise, l&rsquo;am\u00e9nagement d&rsquo;<strong>espaces d&rsquo;expression de notre relation aux autres, <strong>au travail<\/strong> <\/strong>m&rsquo;apparait vitale pour pr\u00e9venir et soigner la souffrance au travail.<\/p>\n\n\n\n<p>J&rsquo;accompagne des personnes, des groupes, particuliers comme professionnels ou b\u00e9n\u00e9voles d&rsquo;associations, qui cherchent une alternative aux solutions traditionnelles afin de <strong>se rencontrer et dialoguer autrement pour transformer relations et&nbsp;conflits<\/strong>.<\/p>\n\n\n\n<div class=\"wp-block-buttons is-content-justification-center is-layout-flex wp-container-core-buttons-is-layout-16018d1d wp-block-buttons-is-layout-flex\">\n<div class=\"wp-block-button has-custom-width wp-block-button__width-50 has-custom-font-size has-medium-font-size\"><a class=\"wp-block-button__link has-nv-text-dark-bg-background-color has-text-color has-background has-link-color wp-element-button\" href=\"https:\/\/alternativemediation.fr\/?page_id=68\" style=\"border-radius:0px;color:#00909b\">Mes formations<\/a><\/div>\n\n\n\n<div class=\"wp-block-button has-custom-width wp-block-button__width-50 has-custom-font-size has-medium-font-size\"><a class=\"wp-block-button__link has-nv-site-bg-background-color has-text-color has-background has-link-color wp-element-button\" href=\"https:\/\/alternativemediation.fr\/?page_id=73\" style=\"border-radius:0px;color:#00909b\">Fondements de mon approche<\/a><\/div>\n<\/div>\n\n\n\n<h5 class=\"wp-block-heading has-text-align-center has-large-font-size\"><\/h5>\n\n\n\n<h3 class=\"wp-block-heading alignfull has-text-align-center has-text-color has-link-color wp-elements-3b8cb7c266f29dddd3e34f9a895e6c07\" style=\"color:#a32b3a\">Partenaires &amp; affiliations<\/h3>\n\n\n\n<div class=\"wp-block-columns is-layout-flex wp-container-core-columns-is-layout-9d6595d7 wp-block-columns-is-layout-flex\">\n<div class=\"wp-block-column is-vertically-aligned-center is-layout-flow wp-block-column-is-layout-flow\"><div class=\"wp-block-image\">\n<figure class=\"aligncenter size-medium is-resized\"><a href=\"https:\/\/www.choisirlamediation.fr\/\"><img loading=\"lazy\" decoding=\"async\" width=\"300\" height=\"138\" src=\"https:\/\/alternativemediation.fr\/wp-content\/uploads\/2023\/07\/logo-CLM-transparent-300x138.png\" alt=\"\" class=\"wp-image-197\" style=\"width:200px\" srcset=\"https:\/\/alternativemediation.fr\/wp-content\/uploads\/2023\/07\/logo-CLM-transparent-300x138.png 300w, https:\/\/alternativemediation.fr\/wp-content\/uploads\/2023\/07\/logo-CLM-transparent.png 350w\" sizes=\"auto, (max-width: 300px) 100vw, 300px\" \/><\/a><\/figure>\n<\/div>\n\n<div class=\"wp-block-image\">\n<figure class=\"aligncenter size-full\"><a href=\"https:\/\/www.apmf.fr\/\"><img loading=\"lazy\" decoding=\"async\" width=\"190\" height=\"72\" src=\"https:\/\/alternativemediation.fr\/wp-content\/uploads\/2023\/07\/APMF-transparent.png\" alt=\"\" class=\"wp-image-202\"\/><\/a><\/figure>\n<\/div>\n\n<div class=\"wp-block-image\">\n<figure class=\"aligncenter size-full\"><a href=\"https:\/\/www.cours-appel.justice.fr\/grenoble\"><img loading=\"lazy\" decoding=\"async\" width=\"86\" height=\"63\" src=\"https:\/\/alternativemediation.fr\/wp-content\/uploads\/2023\/07\/Ministere-de-la-justice-transparent.png\" alt=\"\" class=\"wp-image-206\"\/><\/a><\/figure>\n<\/div><\/div>\n\n\n\n<div class=\"wp-block-column is-vertically-aligned-center is-layout-flow wp-block-column-is-layout-flow\"><div class=\"wp-block-image\">\n<figure class=\"aligncenter size-medium is-resized\"><a href=\"https:\/\/www.legust26-07.fr\/\"><img loading=\"lazy\" decoding=\"async\" width=\"300\" height=\"93\" src=\"https:\/\/alternativemediation.fr\/wp-content\/uploads\/2023\/07\/GUST-transparent-300x93.png\" alt=\"\" class=\"wp-image-198\" style=\"width:300px\" srcset=\"https:\/\/alternativemediation.fr\/wp-content\/uploads\/2023\/07\/GUST-transparent-300x93.png 300w, https:\/\/alternativemediation.fr\/wp-content\/uploads\/2023\/07\/GUST-transparent.png 496w\" sizes=\"auto, (max-width: 300px) 100vw, 300px\" \/><\/a><\/figure>\n<\/div>\n\n<div class=\"wp-block-image\">\n<figure class=\"aligncenter size-medium\"><a href=\"https:\/\/www.mediateurs.fr\/reseau-des-mediateurs-rme\/Dr%C3%B4me\"><img loading=\"lazy\" decoding=\"async\" width=\"300\" height=\"119\" src=\"https:\/\/alternativemediation.fr\/wp-content\/uploads\/2023\/07\/RME-transparent-300x119.png\" alt=\"\" class=\"wp-image-201\" srcset=\"https:\/\/alternativemediation.fr\/wp-content\/uploads\/2023\/07\/RME-transparent-300x119.png 300w, https:\/\/alternativemediation.fr\/wp-content\/uploads\/2023\/07\/RME-transparent.png 376w\" sizes=\"auto, (max-width: 300px) 100vw, 300px\" \/><\/a><\/figure>\n<\/div>\n\n<div class=\"wp-block-image\">\n<figure class=\"aligncenter size-medium\"><a href=\"https:\/\/auvergne-rhone-alpes.dreets.gouv.fr\/\"><img loading=\"lazy\" decoding=\"async\" width=\"300\" height=\"70\" src=\"https:\/\/alternativemediation.fr\/wp-content\/uploads\/2023\/07\/DREETS-AURA-transparent-300x70.png\" alt=\"\" class=\"wp-image-205\" srcset=\"https:\/\/alternativemediation.fr\/wp-content\/uploads\/2023\/07\/DREETS-AURA-transparent-300x70.png 300w, https:\/\/alternativemediation.fr\/wp-content\/uploads\/2023\/07\/DREETS-AURA-transparent-500x117.png 500w, https:\/\/alternativemediation.fr\/wp-content\/uploads\/2023\/07\/DREETS-AURA-transparent.png 553w\" sizes=\"auto, (max-width: 300px) 100vw, 300px\" \/><\/a><\/figure>\n<\/div><\/div>\n\n\n\n<div class=\"wp-block-column is-vertically-aligned-center is-layout-flow wp-block-column-is-layout-flow\"><div class=\"wp-block-image\">\n<figure class=\"aligncenter size-full is-resized\"><a href=\"https:\/\/www.expression-sarl.com\/\"><img loading=\"lazy\" decoding=\"async\" width=\"128\" height=\"48\" src=\"https:\/\/alternativemediation.fr\/wp-content\/uploads\/2023\/07\/Expression-transparent.png\" alt=\"\" class=\"wp-image-199\" style=\"width:128px;height:auto\"\/><\/a><\/figure>\n<\/div>\n\n<div class=\"wp-block-image\">\n<figure class=\"aligncenter size-medium\"><a href=\"https:\/\/www.anm-mediation.com\/index.php\"><img loading=\"lazy\" decoding=\"async\" width=\"300\" height=\"68\" src=\"https:\/\/alternativemediation.fr\/wp-content\/uploads\/2023\/07\/ANM-transparent-300x68.png\" alt=\"\" class=\"wp-image-203\" srcset=\"https:\/\/alternativemediation.fr\/wp-content\/uploads\/2023\/07\/ANM-transparent-300x68.png 300w, https:\/\/alternativemediation.fr\/wp-content\/uploads\/2023\/07\/ANM-transparent-500x114.png 500w, https:\/\/alternativemediation.fr\/wp-content\/uploads\/2023\/07\/ANM-transparent.png 536w\" sizes=\"auto, (max-width: 300px) 100vw, 300px\" \/><\/a><\/figure>\n<\/div>\n\n<div class=\"wp-block-image\">\n<figure class=\"aligncenter size-medium\"><a href=\"https:\/\/www.epsilonmelia.com\/categorie\/formation-certifiante-animer-groupe-analyse-pratique-social-medico-social\/\"><img loading=\"lazy\" decoding=\"async\" width=\"300\" height=\"83\" src=\"https:\/\/alternativemediation.fr\/wp-content\/uploads\/2024\/04\/Epsilon-Melia_inPixio-300x83.png\" alt=\"\" class=\"wp-image-421\" srcset=\"https:\/\/alternativemediation.fr\/wp-content\/uploads\/2024\/04\/Epsilon-Melia_inPixio-300x83.png 300w, https:\/\/alternativemediation.fr\/wp-content\/uploads\/2024\/04\/Epsilon-Melia_inPixio.png 360w\" sizes=\"auto, (max-width: 300px) 100vw, 300px\" \/><\/a><\/figure>\n<\/div>\n\n<div class=\"wp-block-image\">\n<figure class=\"aligncenter size-full\"><a href=\"https:\/\/www.pssmfrance.fr\/\"><img loading=\"lazy\" decoding=\"async\" width=\"286\" height=\"87\" src=\"https:\/\/alternativemediation.fr\/wp-content\/uploads\/2024\/04\/PSSM_inPixio.png\" alt=\"\" class=\"wp-image-422\"\/><\/a><\/figure>\n<\/div><\/div>\n<\/div>\n\n\n\n<p><a href=\"https:\/\/www.expression-sarl.com\/\"><\/a><a href=\"https:\/\/www.cours-appel.justice.fr\/grenoble\"><\/a><\/p>\n\n\n\n<figure class=\"wp-block-image size-medium is-resized\"><a href=\"https:\/\/www.linkedin.com\/in\/bruno-saurel-71b16047\"><img loading=\"lazy\" decoding=\"async\" width=\"300\" height=\"300\" src=\"https:\/\/alternativemediation.fr\/wp-content\/uploads\/2024\/05\/logo-linkedin-300x300.webp\" alt=\"\" class=\"wp-image-539\" style=\"object-fit:cover;width:70px;height:auto\" srcset=\"https:\/\/alternativemediation.fr\/wp-content\/uploads\/2024\/05\/logo-linkedin-300x300.webp 300w, https:\/\/alternativemediation.fr\/wp-content\/uploads\/2024\/05\/logo-linkedin-150x150.webp 150w, https:\/\/alternativemediation.fr\/wp-content\/uploads\/2024\/05\/logo-linkedin.webp 500w\" sizes=\"auto, (max-width: 300px) 100vw, 300px\" \/><\/a><\/figure>\n","protected":false},"excerpt":{"rendered":"<p>Bruno Saurel : M\u00e9diateur, formateur, facilitateur,groupe d&rsquo;analyse de pratiques professionnelles Je suis p\u00e8re et beau-p\u00e8re de 4 enfants. J&rsquo;habite dans une ville de taille moyenne de la Dr\u00f4me. De formation initiale scientifique et technique, ing\u00e9nieur en informatique, j&rsquo;ai travaill\u00e9 dans une mairie, une soci\u00e9t\u00e9 de service et puis dans une entreprise industrielle pendant 28 ans&hellip;&nbsp;<a href=\"https:\/\/alternativemediation.fr\/?page_id=53\" rel=\"bookmark\">Lire la suite &raquo;<span class=\"screen-reader-text\">Qui suis-je ?<\/span><\/a><\/p>\n","protected":false},"author":1,"featured_media":0,"parent":0,"menu_order":0,"comment_status":"closed","ping_status":"closed","template":"","meta":{"neve_meta_sidebar":"","neve_meta_container":"","neve_meta_enable_content_width":"","neve_meta_content_width":0,"neve_meta_title_alignment":"","neve_meta_author_avatar":"","neve_post_elements_order":"","neve_meta_disable_header":"","neve_meta_disable_footer":"","neve_meta_disable_title":"","footnotes":""},"class_list":["post-53","page","type-page","status-publish","hentry"],"_links":{"self":[{"href":"https:\/\/alternativemediation.fr\/index.php?rest_route=\/wp\/v2\/pages\/53","targetHints":{"allow":["GET"]}}],"collection":[{"href":"https:\/\/alternativemediation.fr\/index.php?rest_route=\/wp\/v2\/pages"}],"about":[{"href":"https:\/\/alternativemediation.fr\/index.php?rest_route=\/wp\/v2\/types\/page"}],"author":[{"embeddable":true,"href":"https:\/\/alternativemediation.fr\/index.php?rest_route=\/wp\/v2\/users\/1"}],"replies":[{"embeddable":true,"href":"https:\/\/alternativemediation.fr\/index.php?rest_route=%2Fwp%2Fv2%2Fcomments&post=53"}],"version-history":[{"count":61,"href":"https:\/\/alternativemediation.fr\/index.php?rest_route=\/wp\/v2\/pages\/53\/revisions"}],"predecessor-version":[{"id":544,"href":"https:\/\/alternativemediation.fr\/index.php?rest_route=\/wp\/v2\/pages\/53\/revisions\/544"}],"wp:attachment":[{"href":"https:\/\/alternativemediation.fr\/index.php?rest_route=%2Fwp%2Fv2%2Fmedia&parent=53"}],"curies":[{"name":"wp","href":"https:\/\/api.w.org\/{rel}","templated":true}]}}